0.
676851
What is 157436 (base 8) in base 14?
16b5c
-1626890 (base 10) to base 3
-10001122200012
-142606 (base 10) to base 3
-21020121201
Convert -451405 (base 6) to base 13.
-14372
What is -448805 (base 9) in base 3?
-111122220012
What is -3034137 (base 8) in base 4?
-3003201133
What is 10246158 (base 9) in base 14?
92544b
132642 (base 9) to base 6
1421402
What is -16a6223 (base 13) in base 4?
-130003111332
What is -973b2 (base 12) in base 6?
-4134342
What is 9a41 (base 14) in base 8?
64131
What is 3322012 (base 7) in base 8?
1436441
Convert -1102020020201 (base 3) to base 7.
-6252622
-32976 (base 16) to base 9
-345226
What is -11100100100100001011 (base 2) in base 9?
-1676205
What is -300222302222 (base 4) in base 2?
-110000101010110010101010
What is 2131313212 (base 4) in base 3?
1012212000021
Convert -81b70 (base 13) to base 10.
-232635
Convert -36a3e (base 16) to base 3.
-102101000010
What is 2034312410 (base 5) in base 11?
2418717
What is -1988377 (base 10) in base 5?
-1002112002
4dd47 (base 14) to base 12
930b7
Convert -1202332 (base 7) to base 10.
-152119
Convert 1012222220002 (base 3) to base 13.
1997c6
529b9 (base 16) to base 7
2606322
305455 (base 15) to base 2
1000110000100010101100
Convert -947043 (base 11) to base 4.
-11302131023
What is -33acc (base 16) in base 14?
-571c8
What is 1123145054 (base 6) in base 11?
70488a9
256482 (base 9) to base 16
2601b
2223415 (base 7) to base 12
113147
What is 1520031 (base 7) in base 14?
55388
-845695 (base 10) to base 16
-ce77f
Convert 314201312 (base 5) to base 2.
101000010000000101101
What is 1422600 (base 7) in base 11?
120277
What is 101021001120 (base 3) in base 2?
110001010011110111
Convert -10222221001 (base 3) to base 5.
-10004204
-1454 (base 9) to base 10
-1102
Convert 11111443 (base 5) to base 3.
11222002022
-872d (base 14) to base 9
-35041
Convert -211230220021 (base 4) to base 9.
-20531644
Convert 2300322 (base 4) to base 15.
354c
-414325 (base 6) to base 5
-2032024
48e2ee (base 16) to base 10
4776686
Convert -37864 (base 12) to base 13.
-284c2
-152abba (base 12) to base 9
-8058557
20022012002 (base 3) to base 6
2354215
Convert 23a7a91 (base 12) to base 10.
6939469
What is -22829 (base 12) in base 9?
-70226
-172557 (base 10) to base 5
-21010212
What is -130dc (base 15) in base 12?
-2b339
41062011 (base 7) to base 14
652c41
Convert -48113 (base 15) to base 3.
-102200011000
158731 (base 11) to base 15
4cc5a
Convert 134022013 (base 5) to base 4.
2220031300
What is -110121102122 (base 3) in base 14?
-6662a
41668 (base 10) to base 11
29340
Convert -846921 (base 10) to base 2.
-11001110110001001001
-351146 (base 9) to base 3
-101201011120
Convert -2e7f7 (base 16) to base 6.
-4025423
Convert -6880 (base 11) to base 10.
-9042
Convert 348116 (base 9) to base 3.
101122010120
-a1ee2e (base 16) to base 4
-220132320232
-5363406 (base 7) to base 2
-10011111101111011111
What is 217c3 (base 15) in base 10?
106383
Convert -1298551 (base 10) to base 3.
-2102222021111
What is a482c (base 15) in base 16?
7f578
225c1 (base 14) to base 3
11020111110
What is 512900 (base 10) in base 8?
1751604
105003025 (base 7) to base 8
30172256
What is -932077 (base 10) in base 12?
-38b491
217337 (base 9) to base 11
89778
Convert 102a58 (base 12) to base 2.
111101111101100100
-200220101021020 (base 3) to base 11
-574162a
Convert -2986776 (base 11) to base 12.
-186a201
Convert 2014332341 (base 5) to base 11.
232220a
-133778 (base 10) to base 8
-405222
1210122100102 (base 3) to base 7
11065226
-3635622 (base 8) to base 14
-1bdb46
What is 33a69 (base 13) in base 3?
11210000101
-101011000110010010011 (base 2) to base 13
-3a5a61
51218 (base 10) to base 7
302216
-101210121100 (base 3) to base 11
-135795
What is 1101000000010000111 (base 2) in base 7?
3423221
What is 2b70d (base 16) in base 8?
533415
What is -132020002 (base 4) in base 11?
-84787
What is -23221022332 (base 4) in base 6?
-145230354
11133003 (base 5) to base 12
49448
Convert 5412220 (base 6) to base 9.
445133
What is 2b491d (base 16) in base 12?
b49791
What is cd4a (base 15) in base 10?
43495
-3c698 (base 15) to base 8
-572514
Convert 1001301302 (base 4) to base 14.
7028a
84423 (base 14) to base 11
1a8839
What is 1165243 (base 7) in base 16?
24cb2
What is 256540 (base 7) in base 6?
1005554
-232155501 (base 6) to base 16
-41bb9d
What is 545617 (base 8) in base 11?
1156a0
What is -1001202002211 (base 3) in base 13?
-16a6a7
35a3 (base 16) to base 7
55014
What is -10100001010000001010 (base 2) in base 13?
-1a182c
47ca1 (base 15) to base 12
b0614
Convert 11722530 (base 8) to base 3.
11220000002211
11200113241 (base 5) to base 4
233230302010
Convert 44401151 (base 6) to base 11.
834091
Convert -181138 (base 9) to base 5.
-12044012
-83519 (base 15) to base 5
-101310044
What is -33000 (base 14) in base 15?
-268c0
What is -88048 (base 15) in base 9?
-727615
-119292 (base 11) to base 9
-315814
-35202365 (base 7) to base 9
-5734265
What is -101122022213 (base 4) in base 5?
-2132013443
Convert 7178 (base 12) to base 3.
121220202
What is -2202001210200 (base 3) in base 13?
-3c074a
-3286650 (base 9) to base 2
-110110000000101010110
What is 3445623 (base 8) in base 14?
1a55bd
150610b (base 14) to base 4
213002312333
What is 2114130 (base 7) in base 8?
763714
Convert -3744433 (base 8) to base 4.
-3330210123
What is -1789808 (base 12) in base 13?
-102c089
What is 786ab (base 13) in base 2?
110101011000100010
221311202232 (base 4) to base 13
236cb9b
3a177b (base 14) to base 10
2001857
2413313 (base 7) to base 6
10321105
What is a577 (base 14) in base 6?
340021
55327 (base 10) to base 13
1c24c
-25c7da (base 15) to base 9
-3364487
What is 20720 (base 14) in base 9?
128274
What is 12232120 (base 4) in base 16?
6b98
What is 90295 (base 13) in base 7?
2121520
-11111120122 (base 3) to base 7
-516254
-81633 (base 16) to base 5
-113424341
-42159 (base 14) to base 6
-3230031
-32223311130 (base 4) to base 14
-722c8c
Convert 1008682 (base 9) to base 16.
834e9
Convert -242741 (base 10) to base 4.
-323100311
1a1a (base 16) to base 13
3070
-845a (base 15) to base 16
-6d51
What is -76023 (base 14) in base 16?
-45adf
Convert -46e31 (base 16) to base 15.
-5b06d
-397496 (base 15) to base 16
-2a1710
Convert 64e4 (base 15) to base 8.
51564
-6dca2 (base 16) to base 3
-211211212111
What is 493811 (base 10) in base 8?
1704363
What is -17580437 (base 9) in base 7?
-135143044
-1b1620 (base 12) to base 8
-1650470
-104330421 (base 6) to base 9
-3505484
What is -13200303223 (base 4) in base 15?
-28d7c7
-747170 (base 8) to base 16
-3ce78
-526128 (base 9) to base 8
-1143020
Convert 3214422 (base 5) to base 10.
54362
What is 156ad (base 14) in base 11?
37195
1133101024 (base 5) to base 9
4845263
Convert -1226567 (base 8) to base 9.
-566411
What is -1020323 (base 4) in base 14?
-19b5
What is -101101101100011010 (base 2) in base 16?
-2db1a
What is -109128 (base 10) in base 11?
-74a98
Convert -13214533 (base 6) to base 4.
-1222320321
-3062463 (base 7) to base 6
-11521000
What is 767a62 (base 13) in base 12?
b25212
-45227 (base 13) to base 12
-60828
22304322 (base 7) to base 3
10122021102020
-43551 (base 11) to base 2
-1111011011110010
Convert -1b19439 (base 12) to base 8.
-25762055
Convert -20133322112 (base 4) to base 8.
-10377226
What is -13012112120 (base 4) in base 16?
-1c6598
Convert -36755 (base 12) to base 4.
-101332301
Convert -6647605 (base 8) to base 13.
-4a8892
What is -1a3c99 (base 16) in base 12?
-6ab075
1021213444 (base 5) to base 4
20020212112
-20142010 (base 5) to base 16
-27952
-ab8a58 (base 12) to base 6
-134314552
Convert -6921d4 (base 14) to base 5.
-1404003213
Convert 13421330 (base 5) to base 2.
100001111011010101
-142441233 (base 5) to base 6
-24022120
What is -105545351 (base 6) in base 16?
-1de123
What is -230450532 (base 6) in base 15?
-58a54e
-11113234 (base 5) to base 15
-1e049
Convert -64845 (base 13) to base 15.
-38be3
Convert 1202333021 (base 4) to base 2.
1100010111111001001
Convert 4c938c (base 13) to base 3.
10110220101120
Convert 34826 (base 14) to base 5.
13042301
Convert 421310031 (base 5) to base 12.
70159b
Convert -321131110 (base 4) to base 8.
-713524
Convert 5463250 (base 8) to base 10.
1468072
Convert 23424543 (base 6) to base 7.
6146466
What is 945377 (base 14) in